s -313023400 (base 5) in base 14?
-25b372
-10160208 (base 9) to base 2
-10010100111110010010010
What is -220021320113 (base 4) in base 16?
-a09e17
-8777176 (base 9) to base 5
-2201403201
-13153120 (base 6) to base 14
-b4692
-15841 (base 15) to base 4
-100323301
-123c28d (base 14) to base 6
-511343113
532044 (base 6) to base 2
1010100011011100
What is -2541811 (base 11) in base 10?
-4409252
What is -c98853 (base 13) in base 3?
-22220101111000
Convert -122014302 (base 6) to base 8.
-10720536
50626 (base 14) to base 9
324126
-5951fc (base 16) to base 3
-102000101202102
Convert 468a84 (base 12) to base 7.
12435232
Convert -122200012212 (base 3) to base 8.
-1247363
84f8e (base 16) to base 7
4425625
What is 4546191 (base 10) in base 2?
10001010101111010001111
1010111111011100101111 (base 2) to base 6
141431251
Convert -730076 (base 10) to base 6.
-23351552
Convert 71136 (base 9) to base 3.
2101011020
Convert 4f488 (base 16) to base 3.
121111110120
Convert -47c34 (base 13) to base 12.
-64266
Convert -1535271 (base 8) to base 11.
-281385
What is -112220102021 (base 3) in base 16?
-479f2
What is 4450214 (base 6) in base 12?
a996a
10011100111101011011000 (base 2) to base 12
1880508
-15606751 (base 10) to base 14
-210383d
-1395776 (base 12) to base 8
-16771412
-112000222022 (base 3) to base 11
-179627
Convert 102212000121 (base 3) to base 14.
61040
1a10c9 (base 13) to base 4
2200331001
-10110000001 (base 2) to base 5
-21114
What is 132210456 (base 7) in base 2?
100000011100111001100100
3bfb00 (base 16) to base 10
3930880
What is -1531413 (base 8) in base 16?
-6b30b
-28b940 (base 14) to base 7
-15012210
Convert 1463009 (base 10) to base 7.
15302222
Convert 798932 (base 10) to base 8.
3030324
What is -1111110111000111110 (base 2) in base 3?
-222101221201
Convert d6dcd (base 16) to base 8.
3266715
Convert -88061 (base 13) to base 10.
-246143
What is -285d95 (base 14) in base 6?
-45554331
What is -cd719 (base 15) in base 9?
-1204636
Convert 2145511 (base 7) to base 2.
1000000010111111101
110000001111000110101 (base 2) to base 8
6017065
-91316 (base 12) to base 4
-232012002
657b5 (base 13) to base 8
546602
What is 734392 (base 11) in base 13?
3229b9
What is -205b65 (base 13) in base 2?
-10111000011100111001
-10424142 (base 6) to base 8
-1146276
What is 24c048 (base 14) in base 15?
19e039
9bab (base 16) to base 5
2233401
What is -96a86 (base 14) in base 7?
-3045026
523660 (base 10) to base 4
1333312030
What is -47250 (base 11) in base 10?
-68178
What is 7590459 (base 10) in base 8?
34751073
-265404 (base 9) to base 8
-473235
Convert -126545260 (base 7) to base 6.
-452012231
What is -321258 (base 16) in base 8?
-14411130
5029235 (base 11) to base 8
41745422
11213022 (base 5) to base 16
18a94
Convert -307453 (base 9) to base 12.
-89826
11011002212220 (base 3) to base 16
21ab87
What is -220210213221 (base 4) in base 13?
-228505b
What is -1010001000111110 (base 2) in base 16?
-a23e
What is -44a44 (base 13) in base 11?
-85825
22100100121 (base 3) to base 9
270317
Convert 490385a (base 11) to base 13.
1a005b2
Convert 21660 (base 7) to base 10.
5481
What is 486ba1 (base 13) in base 9?
3224454
10c425 (base 13) to base 4
1201100130
Convert 441e1d (base 15) to base 14.
607209
-6676a50 (base 11) to base 5
-10444114120
What is -1310a (base 14) in base 3?
-2101021100
Convert 91645c (base 14) to base 10.
4896162
Convert 1028a95 (base 12) to base 11.
1799142
Convert 7879 (base 10) to base 12.
4687
Convert -316b3 (base 12) to base 7.
-360213
Convert -87165 (base 11) to base 7.
-1035130
What is 106332 (base 7) in base 16?
4a5b
Convert 12eb06e (base 15) to base 16.
d05d3a
Convert -362dd1 (base 14) to base 12.
-753a4b
-2953634 (base 11) to base 4
-103111323032
What is -51ea88 (base 16) in base 5?
-2333242311
10111122 (base 5) to base 8
240165
Convert 174c0 (base 16) to base 15.
1d419
101222120200 (base 3) to base 5
23404312
Convert 441143122 (base 5) to base 2.
111001111000011010110
Convert 23412411 (base 5) to base 8.
647036
Convert 32545333 (base 6) to base 16.
eedd9
Convert -3b0127 (base 13) to base 16.
-15cb1c
Convert -32e19b (base 15) to base 13.
-66c8c0
Convert -1032001232 (base 4) to base 9.
-536358
10101011001100110001101 (base 2) to base 8
25314615
1335034 (base 7) to base 4
223031311
Convert -675461 (base 9) to base 5.
-100413440
-3626012 (base 8) to base 11
-61a052
Convert 225327 (base 9) to base 2.
100000111111011101
Convert -183054 (base 11) to base 15.
-58956
Convert -4528107 (base 9) to base 7.
-26511565
What is -2772170 (base 8) in base 6?
-24443120
104447 (base 11) to base 7
1263422
-80c76 (base 15) to base 8
-1434403
What is -438085 (base 11) in base 8?
-2524764
What is 243331224 (base 5) in base 12?
476854
Convert 22b906 (base 14) to base 5.
300400214
1272220 (base 9) to base 6
22535200
What is -2016776 (base 8) in base 4?
-2001313332
Convert 31033010 (base 5) to base 6.
5223503
23440034 (base 5) to base 3
102002020102
Convert -2fbf8 (base 16) to base 7.
-1443123
Convert 1202414 (base 7) to base 6.
3132232
What is 4b173 (base 12) in base 14?
2934b
What is 177985 (base 16) in base 5?
343212222
Convert -110221121 (base 4) to base 7.
-501362
What is 113032102211 (base 4) in base 11?
3488985
Convert -35b83 (base 13) to base 14.
-27d34
Convert 1000100001001101101010 (base 2) to base 14.
421bbc
Convert 2133321030 (base 4) to base 7.
5365254
What is 3423223 (base 5) in base 8?
167207
What is 222462 (base 11) in base 6?
11333354
Convert 241044032 (base 5) to base 7.
12312061
2021353 (base 6) to base 13
34a79
What is 447126 (base 8) in base 4?
210321112
What is -54da (base 16) in base 15?
-6682
-3410110 (base 8) to base 11
-57a514
-4781a (base 14) to base 9
-285278
-11312300331 (base 4) to base 2
-101110110110000111101
Convert -c06816 (base 15) to base 12.
-3086263
10525322 (base 7) to base 10
914258
Convert -1110324 (base 9) to base 11.
-378855
Convert -445006 (base 8) to base 11.
-a2794
62086a (base 12) to base 8
5667322
What is 2b20e (base 16) in base 3?
22222022202
What is 30554432 (base 6) in base 3?
1200000122002
What is -3806c (base 13) in base 8?
-311665
Convert -11a5824 (base 13) to base 14.
-a30d31
What is 12041122 (base 5) in base 16?
1b5a5
What is 3b99bb (base 14) in base 4?
13313211101
2c064 (base 16) to base 6
3510500
What is -1b426 (base 13) in base 12?
-26b10
Convert 4c6815 (base 14) to base 16.
2822c3
What is -535454 (base 8) in base 9?
-302465
Convert 9c44b (base 14) to base 7.
3140324
Convert -1063684 (base 13) to base 14.
-944436
Convert -2030111230 (base 4) to base 6.
-20153124
Convert -678e70 (base 16) to base 14.
-c893c4
What is 8a006 (base 11) in base 15?
289b4
-331000033 (base 4) to base 7
-2060326
What is -122490 (base 13) in base 7?
-3454101
What is 37001 (base 11) in base 15?
10b96
What is -98450 (base 11) in base 5?
-14033311
What is -3330030 (base 6) in base 9?
-274320
Convert -181aa (base 13) to base 15.
-db66
-1326c4b (base 13) to base 7
-102052566
2134042321 (base 5) to base 4
101202031222
Convert -14475776 (base 9) to base 2.
-11011011100101000000001
-4925237 (base 10) to base 9
-10236135
What is -18225 (base 12) in base 4?
-20200331
Convert -2344405 (base 6) to base 13.
-43bb0
Convert 5356e (base 16) to base 13.
bc4b4
1bcd (base 14) to base 13
240b
Convert -502994 (base 10) to base 12.
-203102
What is 1010101010110101001 (base 2) in base 16?
555a9
Convert 401566 (base 8) to base 10.
131958
-111111011000 (base 2) to base 15
-1306
What is b03f6 (base 16) in base 3?
1100200021102
-341bba (base 13) to base 4
-10230313030
Convert a66bc (base 13) to base 8.
1111671
Convert -442545443 (base 6) to base 8.
-36333603
What is -440043002 (base 5) in base 16?
-1ca775
What is 82891 (base 16) in base 3?
1000011102201
What is -122111001221211 (base 3) in base 7?
-141656542
-1100010011000000000 (base 2) to base 11
-255813
What is 688368 (base 14) in base 4?
31210120220
Convert -148863 (base 9) to base 13.
-32a4b
Convert -4a09b9 (base 12) to base 5.
-302013000
Convert -100000011100110010 (base 2) to base 7.
-1062335
Convert 3515 (base 13) to base 6.
54302
5527725 (base 8) to base 15
1e5805
Convert -595597 (base 11) to base 12.
-396632
What is 1472685 (base 10) in base 9?
2684126
What is 101101101001101110 (base 2) in base 10?
186990
What is -10101